+ 16 = 0. Suppose -j*n = n - 90. What is the highest common divisor of 2 and n?
2
Let v be (-6)/(0 + (-2)/13). Let m = -20 - -33. Calculate the highest common factor of v and m.
13
Let y be (20/(-6))/((-2)/(-6)). Let o(k) = k + 24. Let z be o(y). What is the highest common factor of 14 and z?
14
Suppose 0 = -2*v - v - 75. Let h be (-10)/v + (-58)/(-5). Calculate the highest common divisor of h and 24.
12
Suppose 0 = -t - 2*s - 7, 0*t = 4*t + 5*s + 13. What is the greatest common divisor of t and 15?
3
Let z(a) = -a**3 - 11*a**2 - 10*a + 9. Let b be z(-10). What is the greatest common divisor of 1 and b?
1
Suppose -4*z - 90 = -5*d - 34, 3*d - 2*z = 32. What is the greatest common divisor of 20 and d?
4
Let j be (-1 - 2) + 253/11. What is the highest common divisor of 4 and j?
4
Let j be 1 - (0 - 2)*1. Let p(q) = -1 + 2*q - j*q + 0*q. Let o be p(-6). Calculate the highest common divisor of o and 40.
5
Let m = -15 + 32. Suppose 0 = -0*y - y. Suppose -5*t + y*t + 85 = 0. What is the greatest common factor of t and m?
17
Let r(m) = -3*m**2 + 14*m + 11. Let s(y) = y**2 - 5*y - 4. Let g(c) = 2*r(c) + 7*s(c). Let w be g(8). What is the highest common factor of w and 2?
2
Let a = -134 + 197. What is the greatest common factor of a and 7?
7
Let n be (6/(-9))/(2/(-6)). Let u(f) = -2*f**2 + 4*f**3 + 2 + 0*f**2 - 3*f**3. Let z be u(2). Calculate the highest common factor of n and z.
2
Let x(b) = -b + 2*b + 15*b - 8. Let t be x(8). Calculate the highest common divisor of t and 15.
15
Suppose 5*a = 15, 2*f - 4*a + 0*a + 4 = 0. What is the highest common factor of f and 12?
4
Let n be (-2)/3 - 2/(-3). Suppose u + 4*u - 90 = n. Suppose f + 4*l + 10 = 4*f, -14 = -4*f + 5*l. What is the greatest common divisor of u and f?
6
Suppose -2*i = -7*i - 2*j + 77, -4*j - 11 = -i. Calculate the highest common divisor of 10 and i.
5
Let r be (-60)/8*(-8)/3. Let g be 472/r + (-4)/(-10). What is the highest common factor of g and 60?
12
Suppose 0 = -11*x + 6*x + 25. Let z be (-36)/(-10)*x*8. What is the highest common divisor of 16 and z?
16
Let b(f) = -f**3 + 11*f**2 + 7. Let w be b(11). What is the greatest common divisor of 28 and w?
7
Let a be 24/16*(-8)/(-6). What is the highest common factor of a and 14?
2
Suppose 5*u - m - 405 = 2*m, 4*u - 2*m = 322. Suppose -262 = -5*f + u. What is the highest common factor of 17 and f?
17
Let k be (3 - (-4)/2) + 14. Let b(p) = -9*p + 3. Let q be b(-6). Calculate the highest common divisor of k and q.
19
Let w be 2 + (3 - 4 - -26). Let a = -11 + w. Calculate the highest common factor of 40 and a.
8
Let v(b) = b**3 + 19*b**2 + 32*b - 21. Let p be v(-17). Calculate the greatest common factor of 78 and p.
13
Suppose -4*q = -3*a - q + 342, 5*a + 2*q - 577 = 0. Suppose -30 = -r - 7. What is the greatest common factor of r and a?
23
Let l(t) = -17*t - 2. Let d be l(-2). Suppose -9*s + 14*s - 40 = 0. What is the greatest common divisor of d and s?
8
Suppose 5*x + q - 3*q - 67 = 0, 0 = -x + q + 11. Calculate the greatest common factor of x and 255.
15
Let d be (-2 - -1)*(-4 + 2). Let o be 4/d*3/6. Suppose 0 = 3*k + 3 - 6. Calculate the greatest common divisor of k and o.
1
Suppose 5*c - 605 = -2*z, 0 = -2*c + 4*z + 90 + 128. Calculate the highest common factor of c and 34.
17
Suppose -7*z + 154 + 140 = 0. What is the greatest common factor of z and 12?
6
Suppose -x - 5*a + 7 + 2 = 0, 4*x = 4*a + 108. Let p be 9/(-3) + 9/1. Calculate the highest common divisor of p and x.
6
Suppose 3*x - 1 = 5, 5*w + 48 = -x. Let z = 64 + w. Suppose 0 = -0*s - 2*s + 72. What is the highest common factor of s and z?
18
Let m = 68 - 28. Calculate the highest common divisor of m and 8.
8
Let y = -103 + 191. Suppose -3*a + y = a. What is the highest common factor of 198 and a?
22
Let q be -6*1/(-2) + -2. Let h be q/(-2)*48/(-2). What is the highest common divisor of 108 and h?
12
Suppose 5*f - 28 = 22. Let p be (132/5)/(3/f). Calculate the highest common divisor of 8 and p.
8
Suppose -5*v - 25 + 325 = 0. What is the highest common divisor of v and 15?
15
Suppose -25 - 41 = -3*a. Let o = 35 + -24. What is the highest common divisor of o and a?
11
Let m = 214 + -196. Let q(h) be the first derivative of 48*h**3 - 1. Let z be q(-1). What is the highest common factor of z and m?
18
Let q(t) = -2*t**3 + t**2 + 4*t + 3. Let h be q(-2). Let z = 31 - h. Calculate the greatest common divisor of z and 2.
2
Suppose -u = -5*q + 25, -6 - 1 = 3*q - 5*u. Suppose 2*z + 132 = q*z. Let v be (22/8)/(3/12). Calculate the greatest common divisor of v and z.
11
Let z(x) = x**3 - x**2 + 1. Let n be z(0). Let w(h) = 5*h**2 + 5 + 2*h - 3*h**2 - 3*h**2 - 9*h. Let a be w(-6). What is the highest common factor of n and a?
1
Let r(s) = s**2 - 3*s + 6. Let x = -4 - -10. Let q be r(x). Calculate the greatest common factor of 6 and q.
6
Let r be 395/2 - 1/(-2). Calculate the highest common divisor of 18 and r.
18
Let b be (-2)/1 - (-11 - 25). Suppose 2*h + 2*a - b = -0*h, 3*a = 0. What is the greatest common divisor of h and 34?
17
Let w = 75 + -51. What is the greatest common factor of w and 32?
8
Suppose 2*q + 4*g + 0*g = 70, -5*q + 5*g + 100 = 0. What is the greatest common factor of q and 275?
25
Let s(o) = -o**2 - 12*o - 8. Let i be s(-11). Let k be 3/(12/(-8)) + 5. Calculate the greatest common divisor of i and k.
3
Let t(d) = -6*d**3 + 3*d**2 + 3*d + 1. Let c be t(-2). What is the highest common divisor of c and 22?
11
Let z be 31/(-2)*-10 - 2. Let t = 7 - 6. Let b(d) = 16*d + 1. Let g be b(t). What is the highest common divisor of z and g?
17
Let a = 160 + -146. Calculate the highest common divisor of a and 182.
14
Suppose 0 = u - 110 + 88. What is the greatest common factor of u and 176?
22
Let l = -7 - -11. Suppose t - 3*c - 65 = c, -185 = -l*t + c. Let m be (-74)/(-4) - (-2)/(-4). Calculate the highest common factor of m and t.
9
Let b(a) = -a**2 - 4*a. Let o be 66/(-15) + 2/5. Let y be b(o). Suppose -2*k + 79 = -5*d, 6 = -2*d - y*d. Calculate the greatest common divisor of k and 16.
16
Let z(t) = -t**2 - 2*t - 5. Let p be 12/(-9)*(4 - 1). Let j be z(p). Let d = j - -21. Calculate the greatest common factor of 48 and d.
8
Let o be (-2)/6 + (-91)/(-3). Let t(a) = -a**3 - 8*a**2 - 3*a - 9. Let d be t(-6). Let l be d/(-12) - (-3)/4. What is the highest common factor of o and l?
6
Let b = 5565 - 3374. Suppose 4*a = -b - 341. Let i be a/(-33) - 4/22. Calculate the highest common divisor of i and 19.
19
Suppose -275 = 3*t - 4*t. Calculate the highest common factor of t and 25.
25
Suppose 3*f + 302 = h, -4*h - 2*f + 1242 = 3*f. What is the greatest common divisor of 44 and h?
44
Let o be 78*(-3)/(1*-3). Let y = 114 - o. Suppose 2*q - y + 8 = 0. Calculate the highest common divisor of 14 and q.
14
Suppose -3*q - 6 = -54. Let j be 4*(11 - (0 - -1)). What is the greatest common factor of j and q?
8
Suppose 542 = 5*g + 2*r, 8 = -r - r. Suppose 7*z - 60 = z. What is the highest common factor of g and z?
10
Suppose -2*m - 52 = 5*x, -2*m - 8 = x + 4. Let c be x/8 - 2/(-8). Let o be 2*(c - -8*1). Calculate the highest common factor of 126 and o.
14
Suppose -3*c + 12 = c. Suppose c*j = -5*q - 0*q + 344, 4*q - 282 = j. Let y(b) = b**2 - 3*b - 4. Let a be y(6). What is the highest common divisor of a and q?
14
Let f be 365/(-25) + (-4)/10. Let p = -7 - f. What is the greatest common divisor of p and 56?
8
Suppose -w + 6 = -4. Calculate the highest common factor of 5 and w.
5
Let r be 24*(-10)/8*(-6)/15. What is the highest common divisor of r and 6?
6
Let n(g) = 2*g - 5. Let b be n(5). What is the greatest common factor of b and 35?
5
Suppose -3*y - y = -12. Suppose 290 = -y*u + 92. Let k = u - -99. Calculate the highest common divisor of k and 11.
11
Suppose -1337 - 775 = -4*r. Let u = r - -352. Suppose -7*g + u = -2*g. Calculate the greatest common factor of 16 and g.
16
Let k be 0 + (6 + -3 - 1). Let y = -16 + k. Let o = 23 + y. What is the highest common factor of 81 and o?
9
Let x be (-33)/(-2*(-9)/(-132)). Suppose 37 = 4*u - 51. Calculate the greatest common factor of x and u.
22
Let w(l) = -l**3 - l**2 + 17. Suppose -3*z + z = 0. Let f be w(z). What is the greatest common divisor of f and 187?
17
Let g(z) = -z**3 - 6*z**2 - 8*z - 3. Let j be g(-5). Let n = -22 + 34. Suppose -2*m - 2*l + 4 =